{"id":1445191,"date":"2025-06-06T12:39:56","date_gmt":"2025-06-06T12:26:58","guid":{"rendered":"https:\/\/positiveprints.com\/?post_type=product&#038;p=1445191"},"modified":"2026-04-28T13:24:06","modified_gmt":"2026-04-28T12:24:06","slug":"ett-karleksfullt-minne-affisch-med-sangtext","status":"publish","type":"product","link":"https:\/\/positiveprints.com\/sv\/produkt\/ett-karleksfullt-minne-affisch-med-sangtext\/","title":{"rendered":"Ett k\u00e4rleksfullt minne &#8211; affisch med s\u00e5ngtext"},"content":{"rendered":"","protected":false},"excerpt":{"rendered":"<ul class=\"check-list\">\n<li>Anpassa genom att v\u00e4lja valfri l\u00e5t \u2013 vi tar l\u00e5t texten och arrangerar den konstn\u00e4rligt p\u00e5 designen<\/li>\n<li>Anpassa p\u00e5 bara 2 minuter<\/li>\n<li>Inkludera en meningsfull personlig text<\/li>\n<li>Se resultatet direkt \u2013 den interaktiva f\u00f6rhandsvisningen l\u00e5ter dig finjustera varje detalj<\/li>\n<\/ul>\n","protected":false},"featured_media":1445741,"template":"","meta":[],"product_brand":[],"product_cat":[12103,7459,7998],"product_tag":[12967,16410,16411,16563,12969,12968],"class_list":{"0":"post-1445191","1":"product","2":"type-product","3":"status-publish","4":"has-post-thumbnail","6":"product_cat-text","7":"product_cat-alla-produkter","8":"product_cat-sympatigavor","9":"product_tag-chanson-sv","10":"product_tag-kondoleanspresent","11":"product_tag-kondoleanspresenter","12":"product_tag-minnesgava","13":"product_tag-paroles-sv","14":"product_tag-paroles-de-chanson-sv","16":"first","17":"instock","18":"sale","19":"taxable","20":"shipping-taxable","21":"purchasable","22":"product-type-variable"},"yoast_head":"<!-- This site is optimized with the Yoast SEO Premium plugin v27.2 (Yoast SEO v27.2) - https:\/\/yoast.com\/product\/yoast-seo-premium-wordpress\/ -->\n<title>Ett k\u00e4rleksfullt minne - affisch med s\u00e5ngtext - Positive Prints<\/title>\n<meta name=\"description\" content=\"Letar du efter ett meningsfullt s\u00e4tt att minnas en n\u00e4rst\u00e5ende? F\u00f6rvandla texten fr\u00e5n deras favoritl\u00e5t till en vacker minnessak \u2013 en varaktig hyllning full av k\u00e4rlek och minnen.\" \/>\n<meta name=\"robots\" content=\"index, follow, max-snippet:-1, max-image-preview:large, max-video-preview:-1\" \/>\n<link rel=\"canonical\" href=\"https:\/\/positiveprints.com\/sv\/produkt\/ett-karleksfullt-minne-affisch-med-sangtext\/\" \/>\n<meta property=\"og:locale\" content=\"sv_SE\" \/>\n<meta property=\"og:type\" content=\"article\" \/>\n<meta property=\"og:title\" content=\"Ett k\u00e4rleksfullt minne - affisch med s\u00e5ngtext\" \/>\n<meta property=\"og:description\" content=\"Anpassa genom att v\u00e4lja valfri l\u00e5t \u2013 vi tar l\u00e5t texten och arrangerar den konstn\u00e4rligt p\u00e5 designen  Anpassa p\u00e5 bara 2 minuter  Inkludera en meningsfull personlig text  Se resultatet direkt \u2013 den interaktiva f\u00f6rhandsvisningen l\u00e5ter dig finjustera varje detalj\" \/>\n<meta property=\"og:url\" content=\"https:\/\/positiveprints.com\/sv\/produkt\/ett-karleksfullt-minne-affisch-med-sangtext\/\" \/>\n<meta property=\"og:site_name\" content=\"Positive Prints\" \/>\n<meta property=\"article:publisher\" content=\"https:\/\/www.facebook.com\/positiveprintscom\" \/>\n<meta property=\"article:modified_time\" content=\"2026-04-28T12:24:06+00:00\" \/>\n<meta property=\"og:image\" content=\"https:\/\/positiveprints.com\/wp-content\/uploads\/2025\/06\/Ett-ka\u0308rleksfullt-minne-affisch-med-sa\u030angtext-1.webp\" \/>\n\t<meta property=\"og:image:width\" content=\"1450\" \/>\n\t<meta property=\"og:image:height\" content=\"1450\" \/>\n\t<meta property=\"og:image:type\" content=\"image\/webp\" \/>\n<meta name=\"twitter:card\" content=\"summary_large_image\" \/>\n<!-- \/ Yoast SEO Premium plugin. -->","yoast_head_json":{"title":"Ett k\u00e4rleksfullt minne - affisch med s\u00e5ngtext - Positive Prints","description":"Letar du efter ett meningsfullt s\u00e4tt att minnas en n\u00e4rst\u00e5ende? F\u00f6rvandla texten fr\u00e5n deras favoritl\u00e5t till en vacker minnessak \u2013 en varaktig hyllning full av k\u00e4rlek och minnen.","robots":{"index":"index","follow":"follow","max-snippet":"max-snippet:-1","max-image-preview":"max-image-preview:large","max-video-preview":"max-video-preview:-1"},"canonical":"https:\/\/positiveprints.com\/sv\/produkt\/ett-karleksfullt-minne-affisch-med-sangtext\/","og_locale":"sv_SE","og_type":"article","og_title":"Ett k\u00e4rleksfullt minne - affisch med s\u00e5ngtext","og_description":"Anpassa genom att v\u00e4lja valfri l\u00e5t \u2013 vi tar l\u00e5t texten och arrangerar den konstn\u00e4rligt p\u00e5 designen  Anpassa p\u00e5 bara 2 minuter  Inkludera en meningsfull personlig text  Se resultatet direkt \u2013 den interaktiva f\u00f6rhandsvisningen l\u00e5ter dig finjustera varje detalj","og_url":"https:\/\/positiveprints.com\/sv\/produkt\/ett-karleksfullt-minne-affisch-med-sangtext\/","og_site_name":"Positive Prints","article_publisher":"https:\/\/www.facebook.com\/positiveprintscom","article_modified_time":"2026-04-28T12:24:06+00:00","og_image":[{"width":1450,"height":1450,"url":"https:\/\/positiveprints.com\/wp-content\/uploads\/2025\/06\/Ett-ka\u0308rleksfullt-minne-affisch-med-sa\u030angtext-1.webp","type":"image\/webp"}],"twitter_card":"summary_large_image","schema":{"@context":"https:\/\/schema.org","@graph":[{"@type":["WebPage","ItemPage"],"@id":"https:\/\/positiveprints.com\/sv\/produkt\/ett-karleksfullt-minne-affisch-med-sangtext\/","url":"https:\/\/positiveprints.com\/sv\/produkt\/ett-karleksfullt-minne-affisch-med-sangtext\/","name":"Ett k\u00e4rleksfullt minne - affisch med s\u00e5ngtext - Positive Prints","isPartOf":{"@id":"https:\/\/positiveprints.com\/sv\/#website"},"primaryImageOfPage":{"@id":"https:\/\/positiveprints.com\/sv\/produkt\/ett-karleksfullt-minne-affisch-med-sangtext\/#primaryimage"},"image":{"@id":"https:\/\/positiveprints.com\/sv\/produkt\/ett-karleksfullt-minne-affisch-med-sangtext\/#primaryimage"},"thumbnailUrl":"https:\/\/positiveprints.com\/wp-content\/uploads\/2025\/06\/Ett-ka\u0308rleksfullt-minne-affisch-med-sa\u030angtext-1.webp","datePublished":"2025-06-06T12:26:58+00:00","dateModified":"2026-04-28T12:24:06+00:00","description":"Letar du efter ett meningsfullt s\u00e4tt att minnas en n\u00e4rst\u00e5ende? F\u00f6rvandla texten fr\u00e5n deras favoritl\u00e5t till en vacker minnessak \u2013 en varaktig hyllning full av k\u00e4rlek och minnen.","breadcrumb":{"@id":"https:\/\/positiveprints.com\/sv\/produkt\/ett-karleksfullt-minne-affisch-med-sangtext\/#breadcrumb"},"inLanguage":"sv-SE","potentialAction":[{"@type":"ReadAction","target":["https:\/\/positiveprints.com\/sv\/produkt\/ett-karleksfullt-minne-affisch-med-sangtext\/"]}]},{"@type":"ImageObject","inLanguage":"sv-SE","@id":"https:\/\/positiveprints.com\/sv\/produkt\/ett-karleksfullt-minne-affisch-med-sangtext\/#primaryimage","url":"https:\/\/positiveprints.com\/wp-content\/uploads\/2025\/06\/Ett-ka\u0308rleksfullt-minne-affisch-med-sa\u030angtext-1.webp","contentUrl":"https:\/\/positiveprints.com\/wp-content\/uploads\/2025\/06\/Ett-ka\u0308rleksfullt-minne-affisch-med-sa\u030angtext-1.webp","width":1450,"height":1450,"caption":"Ett ka\u0308rleksfullt minne - affisch med sa\u030angtext 1"},{"@type":"BreadcrumbList","@id":"https:\/\/positiveprints.com\/sv\/produkt\/ett-karleksfullt-minne-affisch-med-sangtext\/#breadcrumb","itemListElement":[{"@type":"ListItem","position":1,"name":"Home","item":"https:\/\/positiveprints.com\/sv\/"},{"@type":"ListItem","position":2,"name":"Produkter","item":"https:\/\/positiveprints.com\/sv\/shop\/"},{"@type":"ListItem","position":3,"name":"Ett k\u00e4rleksfullt minne &#8211; affisch med s\u00e5ngtext"}]},{"@type":"WebSite","@id":"https:\/\/positiveprints.com\/sv\/#website","url":"https:\/\/positiveprints.com\/sv\/","name":"Positive Prints","description":"Amazing Custom Personalized Gifts","publisher":{"@id":"https:\/\/positiveprints.com\/sv\/#organization"},"potentialAction":[{"@type":"SearchAction","target":{"@type":"EntryPoint","urlTemplate":"https:\/\/positiveprints.com\/sv\/?s={search_term_string}"},"query-input":{"@type":"PropertyValueSpecification","valueRequired":true,"valueName":"search_term_string"}}],"inLanguage":"sv-SE"},{"@type":"Organization","@id":"https:\/\/positiveprints.com\/sv\/#organization","name":"Positive Prints","alternateName":"Positive Prints","url":"https:\/\/positiveprints.com\/sv\/","logo":{"@type":"ImageObject","inLanguage":"sv-SE","@id":"https:\/\/positiveprints.com\/sv\/#\/schema\/logo\/image\/","url":"https:\/\/positiveprints.com\/wp-content\/uploads\/2026\/03\/245815646_1337939713319158_5671353136411139666_n.png","contentUrl":"https:\/\/positiveprints.com\/wp-content\/uploads\/2026\/03\/245815646_1337939713319158_5671353136411139666_n.png","width":800,"height":800,"caption":"Positive Prints"},"image":{"@id":"https:\/\/positiveprints.com\/sv\/#\/schema\/logo\/image\/"},"sameAs":["https:\/\/www.facebook.com\/positiveprintscom","https:\/\/www.instagram.com\/positiveprintscom\/","https:\/\/www.tiktok.com\/@positiveprintscom","https:\/\/www.pinterest.com\/positiveprintscom\/"]}]}},"jetpack_sharing_enabled":true,"_links":{"self":[{"href":"https:\/\/positiveprints.com\/sv\/wp-json\/wp\/v2\/product\/1445191","targetHints":{"allow":["GET"]}}],"collection":[{"href":"https:\/\/positiveprints.com\/sv\/wp-json\/wp\/v2\/product"}],"about":[{"href":"https:\/\/positiveprints.com\/sv\/wp-json\/wp\/v2\/types\/product"}],"wp:featuredmedia":[{"embeddable":true,"href":"https:\/\/positiveprints.com\/sv\/wp-json\/wp\/v2\/media\/1445741"}],"wp:attachment":[{"href":"https:\/\/positiveprints.com\/sv\/wp-json\/wp\/v2\/media?parent=1445191"}],"wp:term":[{"taxonomy":"product_brand","embeddable":true,"href":"https:\/\/positiveprints.com\/sv\/wp-json\/wp\/v2\/product_brand?post=1445191"},{"taxonomy":"product_cat","embeddable":true,"href":"https:\/\/positiveprints.com\/sv\/wp-json\/wp\/v2\/product_cat?post=1445191"},{"taxonomy":"product_tag","embeddable":true,"href":"https:\/\/positiveprints.com\/sv\/wp-json\/wp\/v2\/product_tag?post=1445191"}],"curies":[{"name":"wp","href":"https:\/\/api.w.org\/{rel}","templated":true}]}}

Ett kärleksfullt minne &#8211; affisch med sångtext

<ul class="check-list">
<li>Anpassa genom att välja valfri låt – vi tar låt texten och arrangerar den konstnärligt på designen</li>
<li>Anpassa på bara 2 minuter</li>
<li>Inkludera en meningsfull personlig text</li>
<li>Se resultatet direkt – den interaktiva förhandsvisningen låter dig finjustera varje detalj</li>
</ul>

<!-- This site is optimized with the Yoast SEO Premium plugin v27.2 (Yoast SEO v27.2) - https://yoast.com/product/yoast-seo-premium-wordpress/ -->
<title>Ett kärleksfullt minne - affisch med sångtext - Positive Prints</title>
<meta name="description" content="Letar du efter ett meningsfullt sätt att minnas en närstående? Förvandla texten från deras favoritlåt till en vacker minnessak – en varaktig hyllning full av kärlek och minnen." />
<meta name="robots" content="index, follow, max-snippet:-1, max-image-preview:large, max-video-preview:-1" />
<link rel="canonical" href="https://positiveprints.com/sv/produkt/ett-karleksfullt-minne-affisch-med-sangtext/" />
<meta property="og:locale" content="sv_SE" />
<meta property="og:type" content="article" />
<meta property="og:title" content="Ett kärleksfullt minne - affisch med sångtext" />
<meta property="og:description" content="Anpassa genom att välja valfri låt – vi tar låt texten och arrangerar den konstnärligt på designen  Anpassa på bara 2 minuter  Inkludera en meningsfull personlig text  Se resultatet direkt – den interaktiva förhandsvisningen låter dig finjustera varje detalj" />
<meta property="og:url" content="https://positiveprints.com/sv/produkt/ett-karleksfullt-minne-affisch-med-sangtext/" />
<meta property="og:site_name" content="Positive Prints" />
<meta property="article:publisher" content="https://www.facebook.com/positiveprintscom" />
<meta property="article:modified_time" content="2026-04-28T12:24:06+00:00" />
<meta property="og:image" content="https://positiveprints.com/wp-content/uploads/2025/06/Ett-kärleksfullt-minne-affisch-med-sångtext-1.webp" />
	<meta property="og:image:width" content="1450" />
	<meta property="og:image:height" content="1450" />
	<meta property="og:image:type" content="image/webp" />
<meta name="twitter:card" content="summary_large_image" />
<!-- / Yoast SEO Premium plugin. -->

Ett kärleksfullt minne - affisch med sångtext - Positive Prints

Letar du efter ett meningsfullt sätt att minnas en närstående? Förvandla texten från deras favoritlåt till en vacker minnessak – en varaktig hyllning full av kärlek och minnen.

Ett kärleksfullt minne - affisch med sångtext

Anpassa genom att välja valfri låt – vi tar låt texten och arrangerar den konstnärligt på designen  Anpassa på bara 2 minuter  Inkludera en meningsfull personlig text  Se resultatet direkt – den interaktiva förhandsvisningen låter dig finjustera varje detalj
